*n + 9 + 26. Suppose 155 = 4*i + 3*q, 0 = -3*q - 3 - n. Suppose 22 = -3*r + 5*r. Calculate the remainder when i is divided by r.
8
Calculate the remainder when 111 is divided by 1*(5/(-35) - 564/(-28)).
11
Calculate the remainder when 38 is divided by 5*8/12*6.
18
Let u(d) = 5*d + 21. Let z be u(9). What is the remainder when z/3 - 8/(-2) is divided by (-321)/(-21) + (-4)/14?
11
Suppose -3*z - 4*v = -8*v - 49, -33 = -z - 2*v. Calculate the remainder when 80 is divided by z.
11
Let j(b) be the second derivative of -b**4/12 - b**3/3 + 7*b**2 + 7*b. Calculate the remainder when 109 is divided by j(0).
11
Let c = -23 + 17. Let z be (0 + -3)/(c/2). What is the remainder when 109 is divided by -3 + 3*8 + z?
21
Suppose 13*r = 36*r - 276. What is the remainder when 136 is divided by r?
4
Calculate the remainder when 205 is divided by (-22)/(-33) + (44/(-6))/(-1).
5
Let d(b) = -b**3 - 9*b**2 + b + 9. Let t be d(-9). Suppose 5*m - m - 128 = t. Calculate the remainder when m is divided by 17.
15
Let p(i) = i**2 - 3*i + 3. Let k be 5/(10/4) + 1. Let h(d) = 8*d + 1. Calculate the remainder when h(k) is divided by p(4).
4
Let f = -34 - 49. Let q = -59 - f. What is the remainder when q is divided by ((-5)/(0 - -1))/(0 + -1)?
4
Suppose 3*j + 2*n - 1650 = 5*n, -4*j - n + 2205 = 0. What is the remainder when j is divided by 24?
23
Let m = -8 - -16. Let x = -7 + 10. What is the remainder when m is divided by x?
2
Let h(k) = 2*k**3 - 7*k**2 + 1. Let j be h(5). Suppose 2*w = 38 + 60. What is the remainder when w is divided by 5/(-15) - j/(-3)?
24
Let z be 7/3 - 3 - 8/6. What is the remainder when 26 is divided by (1*-2 + -2)*(0 + z)?
2
Let y = -5 + 15. Let r(u) = 4*u**3 - 2*u**3 - u**3 + 19 - 188*u**2 + 190*u**2 + 2*u. Calculate the remainder when r(0) is divided by y.
9
Suppose -11 + 18 = 7*c. Calculate the remainder when 7 is divided by c.
0
Let d = 37 - 35. Suppose 20 = d*k - 0*k - o, 0 = -4*k - o + 34. Calculate the remainder when 16 is divided by k.
7
Let h(g) = -g**2 - 14*g + 2. Let a be h(-10). Let l = a + 11. Let x(p) = p**2 - 10*p + 16. What is the remainder when l is divided by x(11)?
26
Let o = 37 + 31. Calculate the remainder when 15 is divided by (9/2)/(51/o).
3
Suppose -15*b = -17*b + 162. Calculate the remainder when b is divided by 30.
21
Suppose 20 = 4*o - m, 5*o = -0*m + 4*m + 36. Suppose 9*f - r - 293 = 4*f, o*f - 241 = 3*r. What is the remainder when f is divided by 1*6*(-25)/(-10)?
13
Let w(r) = -5*r + 67. What is the remainder when 264 is divided by w(4)?
29
Suppose -816*k = -834*k + 1944. Calculate the remainder when k is divided by 23.
16
Suppose -30 - 26 = -2*f + 2*w, -3*f - w = -92. Let m = 2 + -8. Let g = 17 + m. What is the remainder when f is divided by g?
8
Let l(z) = 3*z**2 + 19*z + 3. Let h(a) = -a**3 + 8*a**2 - 4*a + 25. Let u be h(8). Calculate the remainder when 81 is divided by l(u).
13
Let h be (-1)/(-2*3/(-162)). Let s = -18 - h. Suppose 0 = -9*g + 11*g - 48. What is the remainder when g is divided by s?
6
Let y(l) = 7*l**2 + 3*l + 3. Let v be y(-3). Suppose -5 = -t, 4*j - 4*t = 111 + v. What is the remainder when j is divided by 5?
2
Suppose 323*k + 128 = 325*k. What is the remainder when k is divided by 42?
22
Let z be -1 + 54/13 + 8/(-52). Let l(u) = u**3 - 2*u + 5. What is the remainder when 76 is divided by l(z)?
24
Suppose c + 138 = -4*d, -d - d - 4*c - 76 = 0. Let z = d - -43. Calculate the remainder when z is divided by 6.
3
Let v = 213 - 187. Calculate the remainder when 102 is divided by v.
24
Suppose 26*c + 63 = 27*c. Let i(x) = 4*x**2 + 3*x + 3. Calculate the remainder when c is divided by i(-2).
11
Let z(j) = 3*j**2 + j - 3. Suppose s - 2*f = 2 - 3, -3*f = 2*s + 9. Let g be z(s). Suppose 16*h - g*h = -165. What is the remainder when h is divided by 9?
6
Suppose 5*f + 2*b + 172 = 495, b - 319 = -5*f. Calculate the remainder when 139 is divided by f.
13
Let b be ((-10)/4)/(1/4). Let f(v) = 16*v - 41. Calculate the remainder when ((-4)/b)/((-2)/(-130)) is divided by f(3).
5
Suppose 4*i - 10*i + 54 = 0. Let t(f) = f**2 - 7*f. Calculate the remainder when 69 is divided by t(i).
15
Calculate the remainder when 2661 is divided by (8/6)/(1305/162 + -8).
21
Let w = 12 - 9. Let k = w - -15. Suppose 120 + k = 3*c. Calculate the remainder when c is divided by 16.
14
Calculate the remainder when 86 is divided by (92/(-115) - 2/10) + 17.
6
Suppose 0 = -2*b + 1 + 7, b = -3*i - 20. Let a be -52*1 + (-24)/i. Let r = -26 - a. Calculate the remainder when 137 is divided by r.
22
Let y = -49 - -54. Calculate the remainder when (-416)/(-24) - (1/3 - 1) is divided by y.
3
Suppose 5*d - 4*j = 26, 0 = -2*j + 3 - 1. Let g(b) = b**2 + 5*b + 11. Calculate the remainder when g(-6) is divided by d.
5
What is the remainder when (80/120)/(3/(7101/6)) is divided by 4?
3
Let j(s) = 13*s - 53. Let h(z) = 3*z - 6. Calculate the remainder when j(6) is divided by h(5).
7
Suppose 556 = -l + 5*l + 4*m, 704 = 5*l - 4*m. Suppose 28 = -4*t + l. What is the remainder when t is divided by 6?
4
Let l be (-7)/((-28)/(-20)) - -15. Suppose -426 = -l*u + 4*u. Calculate the remainder when u is divided by (2 - -1) + -2 - -17.
17
Let k be ((-52)/(-6))/((-21)/(-378)). Suppose -q + 0 = -2. Suppose -g + q*h + 22 = 0, 5*g + 30 - k = 2*h. Calculate the remainder when 76 is divided by g.
24
What is the remainder when 130/585 - ((-2804)/18 + -1) is divided by 8?
5
Suppose -3*t = 18*t - 42. Let n = -2 + 6. Calculate the remainder when n is divided by t.
0
Let d = -32 - -118. What is the remainder when 164 is divided by d?
78
Let m(g) be the first derivative of 2*g**3/3 - g**2/2 - 4. Let o be m(-1). Suppose -o*q + 21 = -0*q. Calculate the remainder when 18 is divided by q.
4
Suppose -a - 3*a = -28. Suppose -3*i = 5*d - 29, -i + 2*d - d - 1 = 0. Suppose 0 = r + i*r - 52. What is the remainder when r is divided by a?
6
Let q(w) = w**3 - 2*w**2 - 9. Let m be q(3). Let o(u) = -u**3 - u**2 + 109. What is the remainder when o(m) is divided by 22?
21
Let w = 13 + -3. Let a be 1/8*22*(0 - -12). Let r = 60 - a. What is the remainder when r is divided by w?
7
Let c = 62 + -58. Suppose p - c*p - 52 = -w, -w = -5*p - 62. What is the remainder when 183 is divided by w?
35
Let r be (0 + 0)/(2 - 0). Suppose 6 = 2*b - r*b. Calculate the remainder when 14 is divided by b.
2
Let g(t) = -3*t - 28. Let u be g(-13). Calculate the remainder when 9*((u - -1) + 1) is divided by 30.
27
Let g = -23 - -27. Let v(i) = 2*i**3 - 8*i**2 + 10*i - 4. Calculate the remainder when 250 is divided by v(g).
34
Let s = 85 - 53. Suppose -j - 6*j - 4340 = 0. What is the remainder when s/(-112) - j/14 is divided by 15?
14
Suppose -2*q + 18 = -n, -5*q - 6*n = -n - 75. Suppose -13 = -q*l + 10*l. Let h = 5 - 0. What is the remainder when l is divided by h?
3
Let z = 11 + -16. Let w be ((-2)/z)/((-3)/(-120)). What is the remainder when 514/w - 2/16 is divided by 11?
10
Let l = -15 - -17. Suppose l*r + 3*r = 420. Suppose o - r = -3*o. What is the remainder when 41 is divided by o?
20
Suppose 18*b - 25*b = -826. Suppose -1 = -2*z + 3. Suppose -z*k = -4*k + 60. Calculate the remainder when b is divided by k.
28
Let o(w) = 44*w - 35. What is the remainder when 156 is divided by o(2)?
50
Suppose 8 = i + i. Suppose 0 = -5*k - j + 55, -5*k + 0 = 2*j - 50. Calculate the remainder when k is divided by ((-160)/(-4))/i - 3.
5
Suppose -27*k = 199 - 3304. Calculate the remainder when k is divided by 46.
23
Let l(j) = -1 - 3*j + j**2 + 2*j - 2. Suppose 41 = 2*a + 1. Calculate the remainder when l(7) is divided by a.
19
Let p(u) = 10*u - 69. Calculate the remainder when 305 is divided by p(12).
50
Suppose k + 3*k = -5*t + 15, -5 = t. Let w be 2/k - 1662/(-15). Let h = w + -56. Calculate the remainder when h is divided by 28.
27
Let v(l) be the second derivative of l**4/6 - 13*l**3/6 + 15*l**2/2 + 4*l. Let r be v(10). Let j = r - 41. Calculate the remainder when j is divided by 23.
21
Let c(d) = -d**3 + 8*d**2 + 8*d - 38. Calculate the remainder when c(8) is divided by 10.
6
Let x be (2/5)/(4/40). Suppose 0*f + x = -4*f. Calculate the remainder when (f/4)/(1/(-92)) is divided by 12.
11
Let s(h) = h - 5. Let r be s(7). Suppose 2*z + m = 2*m + 67, -r*z + 65 = -3*m. What is the remainder when z is divided by 4?
2
Calculate the remai